212313993?
3257, 679249
List the prime factors of 99302682.
2, 3, 16550447
What are the prime factors of 581110564?
2, 67, 2168323
What are the prime factors of 579992368?
2, 36249523
What are the prime factors of 31204135?
5, 31, 37, 5441
List the prime factors of 68778607.
41, 1677527
What are the prime factors of 12675682?
2, 37, 171293
List the prime factors of 31417060.
2, 5, 101, 103, 151
What are the prime factors of 56983215?
3, 5, 53, 229, 313
What are the prime factors of 426745772?
2, 23, 4638541
List the prime factors of 321705962.
2, 43, 3740767
List the prime factors of 278554349.
73, 3815813
What are the prime factors of 59493988?
2, 14873497
What are the prime factors of 140831978?
2, 7, 17, 84533
List the prime factors of 244552917.
3, 7, 263, 44279
List the prime factors of 14949126.
2, 3, 23, 36109
What are the prime factors of 334691231?
7, 43, 71, 15661
List the prime factors of 871271422.
2, 7, 62233673
What are the prime factors of 1908566817?
3, 636188939
What are the prime factors of 2250389117?
2250389117
What are the prime factors of 19299811?
17, 1135283
List the prime factors of 458856427.
4967, 92381
List the prime factors of 257324303.
257324303
What are the prime factors of 2123122327?
31, 68487817
What are the prime factors of 470930809?
470930809
List the prime factors of 77921398.
2, 38960699
What are the prime factors of 69474274?
2, 17, 523, 3907
What are the prime factors of 61649866?
2, 30824933
What are the prime factors of 265069238?
2, 7, 18933517
List the prime factors of 253732913.
7, 71, 510529
What are the prime factors of 1623860?
2, 5, 7, 1657
What are the prime factors of 199668943?
73, 2735191
List the prime factors of 1596789.
3, 177421
What are the prime factors of 147520692?
2, 3, 11, 31, 61, 197
What are the prime factors of 252753164?
2, 23, 167, 16451
List the prime factors of 1422425029.
1422425029
What are the prime factors of 436289772?
2, 3, 36357481
What are the prime factors of 890646328?
2, 11, 13, 778537
What are the prime factors of 54548266?
2, 373, 73121
List the prime factors of 237251428.
2, 59312857
What are the prime factors of 297387476?
2, 71, 1047139
List the prime factors of 109865623.
7, 15695089
List the prime factors of 391235209.
391235209
List the prime factors of 2253300426.
2, 3, 13, 9629489
List the prime factors of 242734942.
2, 17, 71, 193, 521
List the prime factors of 2110013957.
2110013957
What are the prime factors of 20224959?
3, 53, 131, 971
List the prime factors of 13231144.
2, 19, 61, 1427
What are the prime factors of 2102896676?
2, 61, 8618429
List the prime factors of 6906210436.
2, 18217, 94777
What are the prime factors of 652611029?
7, 1279, 72893
List the prime factors of 797563346.
2, 398781673
What are the prime factors of 41390337?
3, 29, 475751
List the prime factors of 59536013.
53, 643, 1747
List the prime factors of 597922107.
3, 59, 103, 32797
What are the prime factors of 77197649?
77197649
What are the prime factors of 400761450?
2, 3, 5, 229, 3889
What are the prime factors of 42616462?
2, 7, 3044033
List the prime factors of 486227101.
37, 43, 305611
What are the prime factors of 23396214?
2, 3, 29, 43, 53, 59
What are the prime factors of 1411067217?
3, 7, 67193677
List the prime factors of 266703375.
3, 5, 711209
What are the prime factors of 36444817?
36444817
What are the prime factors of 4022421471?
3, 10181, 14633
List the prime factors of 297461226.
2, 3, 19, 2609309
List the prime factors of 2806980536.
2, 23, 2293, 6653
What are the prime factors of 3321111125?
5, 223, 283, 421
List the prime factors of 145680534.
2, 3, 8093363
List the prime factors of 869486154.
2, 3, 6733, 21523
List the prime factors of 38877866.
2, 23, 307, 2753
What are the prime factors of 80121653?
157, 179, 2851
What are the prime factors of 135106216?
2, 7, 61, 39551
What are the prime factors of 243955906?
2, 163, 748331
List the prime factors of 5464847235.
3, 5, 12619, 28871
What are the prime factors of 164707467?
3, 101, 233, 2333
What are the prime factors of 82586780?
2, 5, 29, 142391
What are the prime factors of 499465153?
11, 547, 83009
List the prime factors of 7443410.
2, 5, 13, 31, 1847
List the prime factors of 259733707.
259733707
What are the prime factors of 16993463?
16993463
List the prime factors of 51915567.
3, 11, 53, 29683
What are the prime factors of 63661949?
13, 853, 5741
What are the prime factors of 180116331?
3, 73, 89, 9241
What are the prime factors of 1677461216?
2, 52420663
List the prime factors of 646191553.
7, 92313079
List the prime factors of 1008692253.
3, 1031, 108707
List the prime factors of 6263153350.
2, 5, 19, 293, 22501
What are the prime factors of 44027085?
3, 5, 19, 241, 641
What are the prime factors of 116615711?
19, 67, 101, 907
List the prime factors of 502116749.
23, 937, 1013
What are the prime factors of 2288665533?
3, 7, 11, 2861, 3463
What are the prime factors of 104696758?
2, 1709, 30631
What are the prime factors of 12906336?
2, 3, 233, 577
What are the prime factors of 432560718?
2, 3, 24031151
List the prime factors of 23112336.
2, 3, 13, 37039
List the prime factors of 99666113.
107, 113, 8243
What are the prime factors of 417316477?
389, 1072793
List the prime factors of 67905874.
2, 167, 203311
What are the prime factors of 743169757?
11, 67560887
What are the prime factors of 280942277?
7, 11, 331691
List the prime factors of 4527006.
2, 3, 11, 113, 607
What are the prime factors of 52930953?
3, 5881217
What are the prime factors of 415201534?
2, 11, 197, 95801
List the prime factors of 81670768.
2, 5104423
What are the prime factors of 98672324?
2, 24668081
List the prime factors of 13423616.
2, 13109
What are the prime factors of 51692646?
2, 3, 1429, 6029
What are the prime factors of 129386240?
2, 5, 271, 373
List the prime factors of 3808298154.
2, 3, 29, 21886771
What are the prime factors of 376590020?
2, 5, 18829501
List the prime factors of 1514478246.
2, 3, 1949, 129509
List the prime factors of 45608755.
5, 9121751
List the prime factors of 169530604.
2, 2269, 18679
List the prime factors of 52022472.
2, 3, 211, 10273
What are the prime factors of 807407433?
3, 7, 23, 101, 613
What are the prime factors of 1631626042?
2, 2689, 303389
List the prime factors of 87364078.
2, 61, 137, 5227
List the prime factors of 499291383.
3, 23, 71, 101917
List the prime factors of 1874027260.
2, 5, 7, 3329, 4021
List the prime factors of 19830884.
2, 4957721
List the prime factors of 185816925.
3, 5, 7, 117979
List the prime factors of 4904988710.
2, 5, 490498871
List the prime factors of 37024622.
2, 269, 68819
What are the prime factors of 1883620239?
3, 627873413
List the prime factors of 4423548810.
2, 3, 5, 147451627
List the prime factors of 66143196.
2, 3, 7, 87491
List the prime factors of 178131351.
3, 3691, 16087
List the prime factors of 7815036614.
2, 7, 11, 50746991
List the prime factors of 177281123.
177281123
What are the prime factors of 3096205922?
2, 20719, 74719
List the prime factors of 166313770.
2, 5, 7, 983, 2417
List the prime factors of 43836957.
3, 60133
What are the prime factors of 3608675667?
3, 400963963
What are the prime factors of 56825068?
2, 47, 302261
List the prime factors of 152026697.
31, 113, 43399
What are the prime factors of 990640871?
11, 90058261
List the prime factors of 61693277.
61693277
What are the prime factors of 3606880159?
71, 2971, 17099
List the prime factors of 42790979.
7, 11, 29, 19163
List the prime factors of 72556069.
72556069
What are the prime factors of 470542226?
2, 7, 11, 29, 105361
List the prime factors of 408278778.
2, 3, 89, 823, 929
List the prime factors of 18949960.
2, 5, 227, 2087
List the prime factors of 120440123.
751, 160373
List the prime factors of 278440913.
71, 157, 24979
List the prime factors of 243793127.
243793127
List the prime factors of 10978935.
3, 5, 11, 23, 263
What are the prime factors of 1154041517?
1154041517
What are the prime factors of 45963253?
7, 6566179
What are the prime factors of 7568730198?
2, 3, 23, 887, 20611
List the prime factors of 2104455953.
83, 1531, 16561
What are the prime factors of 100151688?
2, 3, 7, 13, 6551
What are the prime factors of 4507408166?
2, 22537040